268, 0 = 4*o - 16. What is the hundreds digit of b?
3
Suppose -5*o = -5*b + 25 + 50, -55 = -4*b + 3*o. Suppose -b = 3*g - 40. What is the units digit of 3*(g/3)/2?
5
Suppose 59*w = 55*w + 16. Suppose w*m = h + 39, -m - 3*m - 2*h + 30 = 0. What is the units digit of m?
9
Let b = 563 - 342. What is the hundreds digit of b?
2
Suppose 23 = 6*m - 13. Suppose -m*s + 42 = -5*s. What is the tens digit of s?
4
Let j = 96 - -34. Suppose -o + 83 = 3*w - 14, j = 4*w + 2*o. What is the tens digit of w?
3
Let i(o) = o**3 - 3*o**2. Let l be i(3). Let u(s) = -s + l*s + 4 + 0*s. What is the units digit of u(-5)?
9
Suppose -2895 = -7*r + 2341. What is the units digit of r?
8
Let q(f) = f**2 + 9*f + 41. What is the tens digit of q(-9)?
4
Let w(s) = -6 + 3*s**2 + 6 + 9*s + 0 + 14. What is the units digit of w(-7)?
8
Suppose 2*j + 2*o - 16 = 0, 5*j + 0*o - 64 = 3*o. Let v = 20 - j. What is the units digit of v?
9
Suppose 0 = -219*s + 196*s + 3243. What is the units digit of s?
1
Suppose -5*n + 2*n = 2*d - 3905, 5*n - 5*d = 6550. What is the hundreds digit of n?
3
Let y(p) = -1 + 25*p**2 - 8*p**2 + p - 2 - 1. Let t be y(-2). Suppose -3*k - 2 = -t. What is the tens digit of k?
2
Let u = 1285 - 708. What is the units digit of u?
7
Suppose -5*i + 8 + 7 = 0. Let r be (-2)/i + (-424)/12. Let q = r - -69. What is the tens digit of q?
3
Let x = 36 - -17. Let v(l) = -25*l**2 + 1. Let b be v(1). Let o = b + x. What is the units digit of o?
9
Let i(v) = 2*v**2 - 8*v - 31. What is the tens digit of i(-29)?
8
Suppose 3*u - 10 = -r - 2*u, 0 = 3*r + 3*u - 18. Suppose 0*f = f + 6. What is the units digit of r + f + -1 + 3?
1
Suppose -4*c + 31*j - 26*j = -2159, 0 = -5*c - 3*j + 2671. What is the units digit of c?
6
Let m be (-42)/((-9)/12 - (1 - 1)). Let p = m + -22. What is the tens digit of p?
3
Let t be (-3)/(-9) - (-40)/15. Suppose t*y + 5*y - 432 = 0. What is the units digit of y?
4
Let c = 1 - 1. Suppose 0 = -c*d + 5*d - 105. What is the tens digit of d?
2
What is the units digit of -1*2/(-7) - 5870/(-35)?
8
Let o = 18 - 31. Let f = o - -16. Suppose -110 = -5*c + f*c. What is the units digit of c?
5
Suppose 456 = 3*s - 225. Let o = s - 97. What is the hundreds digit of o?
1
Let h(x) = -90*x - 507. What is the tens digit of h(-16)?
3
Suppose -4*a + 5*d = -1266 + 319, 1 = d. Suppose -o + a = 5*z + 2*o, -o = 4. What is the units digit of z?
0
Suppose -u - 6 = 2. Let x be 60/(-8) + 4/u. Let k = x - -17. What is the units digit of k?
9
Let z = 155 + -85. Suppose -j + 165 = -z. What is the hundreds digit of j?
2
Let p be (3/(-6))/((-5)/(-245))*-36. Suppose 0 = -d + j - 0*j + 174, p = 5*d - j. What is the tens digit of d?
7
Suppose 0 = -3*a + 3*g + 7242, -2*a + 4832 = -14*g + 13*g. What is the thousands digit of a?
2
Suppose 10*u + 24 = 6*u. Let l be 7*3/(u/(-4)). Let r = l - -15. What is the tens digit of r?
2
Suppose -d = -6 + 17. Let b = 2 + d. Let z = -8 - b. What is the units digit of z?
1
Let n = 19 + 112. What is the hundreds digit of n?
1
Let j = 1073 - 761. What is the units digit of j?
2
Suppose -4*d + 1540 = m, 4*m = 4*d - 1233 - 287. What is the hundreds digit of d?
3
Suppose 2*s = -3*p + 14, -p + 6 = 2*s - 2*p. What is the tens digit of ((-2)/s)/(7/(-1918))?
3
Let v(r) = r**2 - 8*r + 2. Suppose 0 = 5*j + 3*f + 50, 2*j + 3*j + 2*f + 45 = 0. Let i be v(j). What is the units digit of i/6 - (-5)/30?
8
Suppose -3 - 12 = 5*s. Let b = s + 7. What is the units digit of (10/(-40))/((-1)/b)?
1
Suppose 0 = -532*q + 525*q + 2121. What is the tens digit of q?
0
Let v be (-7)/(-21)*-1*3 + 11. Let r(t) = t**2 - 6*t + 15. What is the tens digit of r(v)?
5
What is the units digit of 1076 + 11/((-66)/48)?
8
Let f(j) = j**2 - 7*j - 15. Suppose -5 = -6*l + 11*l. Let p(t) = -10*t**3 - 3*t - 2. Let x be p(l). What is the tens digit of f(x)?
2
Let g be 1/(-4) - 1257/(-4). Suppose 0 = 7*z - g - 302. Suppose 3*p - p = z. What is the units digit of p?
4
Let k(h) = -h**3 - 20*h**2 + 16*h - 68. What is the units digit of k(-22)?
8
Let b be 16/10*(-30)/6. What is the units digit of ((-546)/28)/(3/b)?
2
Suppose 27 + 9 = w - 4*q, -5*w - 2*q + 158 = 0. Let x = 58 + w. What is the units digit of x?
0
Let y(r) = -r**2 + 72*r - 847. What is the tens digit of y(42)?
1
Suppose -3*w + 5*t = 2*w - 30, -3*w + 4*t + 18 = 0. Let z = -1 - 2. Let s = z + w. What is the units digit of s?
3
Let o = 5 + 1. Let l = o + -4. What is the units digit of (2 + l - 0) + 28?
2
Let g = 19 + -16. Let f(p) = 11*p**2 - 12*p - 45. Let b(q) = 4*q**2 - 4*q - 15. Let n(h) = g*f(h) - 8*b(h). What is the tens digit of n(-6)?
4
Let q be 273*(-3 - (-44)/12). Let z = -98 + q. Let r = z + -51. What is the units digit of r?
3
Let f(r) = 2*r + 3. Let o be f(0). Suppose 0 = -2*a - 6, -2*d - a + 52 = o*a. Let l = d + -16. What is the units digit of l?
6
Let q = 4 + -4. Suppose 2*t - 40 + 12 = -5*j, -j = -4*t - 10. Suppose j*b - b = -25, 4*d + 5*b + 1 = q. What is the units digit of d?
6
Let g be (-2)/4*-22 - 0. Let o = g - 1. Suppose -q - 4*q - 2*f = -70, 0 = -2*f + o. What is the tens digit of q?
1
Let l be (-1 - -3 - 4) + -76. Let x = -35 - l. What is the units digit of x?
3
Let n be 3*((-8)/(-6) - 1). Let q be (-54)/(-13) + (-24)/156. What is the units digit of ((n + q)/1)/1?
5
Suppose 5*m + 20 = -k, 2*m = k - m - 20. Suppose 0*x = -k*x + 300. What is the units digit of x?
0
Suppose 12*j - 819 = 9*j. Let s = -176 + j. What is the tens digit of 8/(-6) - s/(-3)?
3
Let n be 4/10 + 40/125*5. Suppose -n*y = -2*q + 570, 2*q - 579 = 6*y - y. What is the hundreds digit of q?
2
Suppose g - 5 = -3. Suppose 0 = z + 4*s - 61, 0 = 2*z + z - s - 170. Suppose -4*y = -g*y - 2*p - 58, 3*p - z = -3*y. What is the tens digit of y?
2
Let v = 526 + -292. What is the units digit of v?
4
Let r(u) = u**2 + 5*u + 2. Let m be r(-5). Suppose 25 - 75 = -m*b. What is the tens digit of b?
2
Let y be (-6*(-1 - -2))/(-3). Suppose -5*q = -y*q + 42. Let w = 63 + q. What is the tens digit of w?
4
Let g = 9 + -6. Suppose f = g*f. Suppose f*m - 5*m = -15. What is the units digit of m?
3
Let s(z) be the second derivative of z**4/6 - 2*z**3/3 - 8*z**2 + 8*z. What is the hundreds digit of s(9)?
1
Let j = -107 + 50. Let y = j - -116. What is the units digit of y?
9
Let w = -22 - -32. Suppose 60 = h - 3*p, w = -3*p - 5. What is the tens digit of h?
4
Let r be (-504)/(-54) + (-1)/3. Suppose 3*l = r*l - 72. Suppose 0 = w + 2*w - l. What is the units digit of w?
4
Suppose -5 + 3 = -h. Suppose n - 35 = 3*l - h*l, 0 = 5*l - 2*n + 190. Let p = l + 75. What is the units digit of p?
5
Suppose 0 = -f - 5*r + 2162, -5*f - 5*r - 8773 = -9*f. What is the units digit of f?
7
Suppose 3*t = -t. Let v be 36*28/8 - t. Let f = v + -65. What is the tens digit of f?
6
Let i(z) = -z**3 + 6*z**2 - 6*z - 5. Let j be i(5). Let s(h) = h**2 + 23 + 15*h - 5 + 5*h**2 - 4*h**2. What is the tens digit of s(j)?
6
Suppose -3*a = -3*c - 2649, 49*c = -5*a + 48*c + 4427. What is the tens digit of a?
8
What is the units digit of (-4791)/(-9) - (-5)/((-60)/(-8))?
3
Let x(y) = -10*y**3 + y**2. Let z be x(1). What is the tens digit of 78/(5/(-2)*z/15)?
5
Let t be 5 + -1 + -4 + -4. Let o be t - -3 - (0 - 22). What is the units digit of (o/1 - 2) + 3?
2
Let o = -113 + 108. Let y(i) = -27*i - 5. What is the hundreds digit of y(o)?
1
Let l = 180 - -74. What is the units digit of l?
4
Let t = 10 - 9. Let w be -4*-1*t/(-2). What is the units digit of 1/((-3)/(-1) + w)?
1
Let i be 69/21 + (-4)/14. Let u(v) = -2*v. Let y be u(i). What is the units digit of ((-27)/y)/((-2)/(-4))?
9
Suppose 2*a + 7 = 5. What is the tens digit of 2*a + (-2 - -75)?
7
Suppose 15*h - 1 = 44. Suppose 300 = h*b + b. What is the tens digit of b?
7
Let u = 1342 + -694. What is the hundreds digit of u?
6
What is the hundreds digit of 36 + -43 - (-2579 + (-2 - -3))?
5
Suppose -d + 95 = -64. What is the units digit of d - (3 + -3 + 1)?
8
Let u(r) = -4*r - 26. Let v be u(-7). Suppose -2*w = -v*j - 70, -4*w = 3*j + 40 - 180. What is the tens digit of w?
3
Let a = 2543 + -1623. What is the units digit of a?
0
Suppose -i + 6618 = 2*j + 4*i, 5*j - 16507 = -3*i. What is the thousands digit of j?
3
Let p(m) = m**2 - 4*m - 16. Let u be p(-12). Let v = -125 + u. What is the units digit of v?
1
Let i(x) = x**2 - 6*x - 3. Let w be i(7). Suppose w*p + 2*u = 26, 